 o = k + 0. What are the prime factors of o?
3
Let j(s) = 12*s**2 - s + 1. Suppose -1 = -2*i + 1. List the prime factors of j(i).
2, 3
Let a(g) = 8*g**2 - 4*g + 2. Let d be a(2). Suppose -4*i + 26 + d = 0. List the prime factors of i.
13
Let r(n) = 2*n**3 - 4*n**2 + 2*n. Let v be r(2). Let m(j) = -1. Let y(u) = 2*u - 1. Let l(w) = v*m(w) - y(w). What are the prime factors of l(-7)?
11
Let l(a) = -1 + 0*a - a - 1. Let n be l(-6). List the prime factors of 1 - (n + -2 + -9).
2
Let z be -10 - -4*(-2)/4. Let k be (2/4)/(2/z). Let n = 6 + k. What are the prime factors of n?
3
Suppose -3*z + 2*z = 0, -2*u - 4*z = -1008. List the prime factors of u/(-16)*(-2)/3.
3, 7
Suppose 8*j + 246 = 10*j. What are the prime factors of j?
3, 41
Suppose 5*p - 3*z - 82 - 14 = 0, -5*p = 4*z - 82. Suppose p = 3*d - 15. List the prime factors of d.
11
Let v be (3 - 1)/(1/2). Let l(y) = -y**2 + 6*y. What are the prime factors of l(v)?
2
Let l be (-238)/(-3) - (-4)/(-12). Suppose -5*n - 2*s + l = 0, 3*n - 3*s - 60 = -0*s. What are the prime factors of n?
17
Let u = -5 + 5. Let b(n) = n**3 + 4. List the prime factors of b(u).
2
Suppose 3 = -t + 33. What are the prime factors of t?
2, 3, 5
Suppose 4*l + s - 530 = 0, -5*l + 4*s + 539 + 113 = 0. What are the prime factors of l?
2, 3, 11
Let c be (18/15)/(3/(-50)). Let i = -11 - c. List the prime factors of i.
3
What are the prime factors of -3 + (8/(-14) - (-2368)/28)?
3
Suppose 1105 = 43*b - 38*b. What are the prime factors of b?
13, 17
Let g(a) = -a**3 - 9*a**2 + 3. Let j be g(-9). Suppose j*p - 4*c + 8 = 30, -p - 5*c + 1 = 0. List the prime factors of p.
2, 3
Let u = 2 + 0. Suppose 2*w + u*w = 60. List the prime factors of w.
3, 5
Let z(n) = 2*n - 22. List the prime factors of z(12).
2
Let t(r) = -2*r**3 - 4*r**2 - r - 7. Let f(u) = 3*u**3 + 8*u**2 + u + 13. Let s(q) = -3*f(q) - 5*t(q). What are the prime factors of s(4)?
2
Let q = -5 - -7. Suppose q*r - 60 = -r. Suppose r = 5*w - 3*w. List the prime factors of w.
2, 5
Suppose -4*c + 1 = -15. Let v(h) = -h**3 + 6*h**2 + 6*h - 4. List the prime factors of v(c).
2, 13
Let k(t) = -t**3 - 9*t**2 - 7*t + 5. Let v be k(-8). Let y = v + 5. Suppose -6 = -s - y*s. What are the prime factors of s?
2
Let v = -13 + 31. Let y = v - 6. What are the prime factors of y?
2, 3
Let u(q) = q**3 - q + 22. What are the prime factors of u(0)?
2, 11
Let t(i) = -i**2 + 16*i - 13. List the prime factors of t(10).
47
Suppose 5*c - r + 2*r = 287, 0 = -4*c + r + 226. Suppose -l = -2, -z - l = 4*z - c. List the prime factors of z.
11
Let h(m) = -4*m**3 + 3*m**2 - 21*m + 3. Let r(c) = -c**3 + c**2 - 5*c + 1. Let l(a) = 2*h(a) - 9*r(a). List the prime factors of l(4).
5
List the prime factors of ((-9)/(-4))/(3/56).
2, 3, 7
Suppose -5*r + 7 + 153 = 0. What are the prime factors of r?
2
Let q(v) = 43*v**2 + 1. What are the prime factors of q(1)?
2, 11
Let u(k) = k + 15. Let s be u(-12). Let y(v) = -8*v + s*v + 21*v. What are the prime factors of y(1)?
2
Let j = 24 + -21. What are the prime factors of j?
3
Let u(t) = -t + 6. Let x(g) = 2*g - 7. Let j(w) = 3*u(w) + 2*x(w). What are the prime factors of j(3)?
7
Let q(i) = i**3 + 7*i**2 - 10*i - 5. Let d be q(-8). Suppose -3 = -2*g - n, 2*n + d = 4*g - n. Suppose -6 + g = -2*f. What are the prime factors of f?
2
Suppose v = -0 + 24. Let n = v - 7. What are the prime factors of n?
17
What are the prime factors of 42 + (-8)/(16/4)?
2, 5
Let y be (-41 - 7)*(-1)/2. Suppose h = -h + y. What are the prime factors of h?
2, 3
Let q = 95 + -52. Suppose -a = -3*y + q, 3*a = 2*y - 7 - 17. List the prime factors of y.
3, 5
What are the prime factors of (-3)/(12/(-112) + 0)?
2, 7
Let o be 680/28 - 2/7. List the prime factors of (o - (2 - 0))/2.
11
Let i = 85 + -60. What are the prime factors of i?
5
Let z = -16 - -56. What are the prime factors of z?
2, 5
Suppose 97 = 3*d - 203. List the prime factors of d.
2, 5
Let d = -185 + 439. List the prime factors of d.
2, 127
Let r(z) = z**3 + 4*z**2 + 2*z + 1. Let l be r(-4). Let d = l + 14. Suppose d + 3 = i. List the prime factors of i.
2, 5
Let m = -67 + 114. List the prime factors of m.
47
Let k = -96 + 233. What are the prime factors of k?
137
Suppose -2*y + 3*k = k - 28, 0 = 2*y - 4*k - 36. Suppose 3*x = y + 26. What are the prime factors of x?
2, 3
Suppose -2*f + 141 = -f. What are the prime factors of f?
3, 47
Suppose -x = -2*n + 16, 4*x + 3*n - 8 = -39. Let u be (-5)/10 + x/4. Let p = u + 6. List the prime factors of p.
3
Let u be 1*((-8)/(-1) + -3). Suppose 0*j + 46 = 3*j + 2*i, 2*j = -u*i + 49. What are the prime factors of j?
2, 3
Let c = 241 - -46. List the prime factors of c.
7, 41
Let u(t) = 3*t + 156. What are the prime factors of u(0)?
2, 3, 13
Suppose -3*a + 373 = 2*b - 21, 4*b + a - 768 = 0. List the prime factors of b.
191
Let q be 3*(-1)/((-3)/1). Let m = 6 + q. What are the prime factors of m?
7
Suppose 140 = 4*w + 4*c, 5*c - 15 = -4*w + 3*w. List the prime factors of w.
2, 5
Suppose 3*k = -0*p - 2*p + 16, 0 = -p + 3*k - 10. Let g(c) = -p + 4 + 0*c**2 - 1 + c**2. What are the prime factors of g(2)?
5
Let x(c) = -c**3 + 10*c**2 + 11*c - 18. List the prime factors of x(5).
2, 3
Let h be ((-7)/(-3))/((-3)/(-36)). Let i be 48/h*7/1. Let s = i + -7. List the prime factors of s.
5
Suppose 0 = 12*u - 17*u + 495. List the prime factors of u.
3, 11
Let v = -6 + 9. Suppose -4*c = -v*d - 23, 2*c + 2*d = 3*c - 2. What are the prime factors of c?
2
Suppose 0*k + k - 51 = 0. Suppose 0 = -4*s - k - 5. Let i = s + 27. What are the prime factors of i?
13
Suppose 0 = 10*x - 8*x - 126. List the prime factors of x.
3, 7
Suppose 3 = 5*q - 3*x - 24, 0 = -2*q + 4*x + 22. Suppose -5*b - 2*h - 3*h + 50 = 0, -b + 16 = q*h. List the prime factors of b.
7
Let z(o) = 11*o**2 - 1. What are the prime factors of z(1)?
2, 5
Suppose 3*n - 1 = 11. Suppose 3*v - z = 4*v - 17, 48 = n*v - z. What are the prime factors of v?
13
Suppose -9 = -3*v, -3*v + 4*v - 1 = b. Suppose 4 = -2*g + 3*g, b*f - 16 = -4*g. Suppose -4*n - 3*m = -60 + 9, -3*n + 3*m + 12 = f. List the prime factors of n.
3
Let o(t) = 2*t**2 - t. Let z be 0*-2*1/4. Suppose z = -5*g + 2 - 7. List the prime factors of o(g).
3
Let s(v) = v**2 - 3*v + 3. Let n be s(3). Suppose -3*i = 2*c - 12, -4*c + n*i + 34 = 4*i. What are the prime factors of c?
3
Suppose -2*f = -4*n - 24, -n = -0*f - 2*f + 9. Let t be ((f - -3) + -1)/(-1). What are the prime factors of (t/(-3))/(1/3)?
2
Let x = 140 + 9. List the prime factors of x.
149
Suppose -5*x = -4*m + 91, -4*x + 75 = -5*m + 191. Suppose -6*c - 25 = -c + 3*s, -2*c - 4*s = m. Let d = 0 - c. What are the prime factors of d?
2
Let t be (-1)/(-1) + -12*1. Let w be t/(-2) - 2/(-4). What are the prime factors of (-18)/4*w/(-3)?
3
Suppose 2*y = -96 - 20. Let g = y - -87. What are the prime factors of g?
29
Suppose r = -5*d + 2, -d = -6 + 4. Let s = r + 12. List the prime factors of s.
2
Suppose -4*i + 5*q - 5 = -0*i, 0 = 5*i - 5*q. Let k = i + 0. What are the prime factors of k?
5
Let c = -1 - 1. Let r be (c/(-6))/(3/18). List the prime factors of (11 + 1 - r) + 1.
11
Let p = 8 - -1. What are the prime factors of 21/(p/12*2)?
2, 7
Suppose 8*r - 123 = 1885. List the prime factors of r.
251
Suppose -2*a - 2*x + 13 + 3 = 0, 0 = -a - 4*x + 17. What are the prime factors of a?
5
Let f be (-1)/(-2) - (-3)/2. Let j = -2 + -2. Let p = f - j. What are the prime factors of p?
2, 3
Let p(t) = -t**3 + 7*t**2 - 5*t + 4. What are the prime factors of p(5)?
29
Let z = -94 - -159. What are the prime factors of z?
5, 13
Let g(o) = -2*o**2 + 3 + 8 + 3*o**2 - 9*o + 0*o**2. List the prime factors of g(9).
11
Let r(z) = 4*z**3 + 12*z**2 - 6*z - 6. Let o(a) = a**3 + a**2 - a. Let i(k) = -5*o(k) + r(k). List the prime factors of i(5).
3, 13
Let q(i) = 2*i - 3. Suppose 3*c + 2*t + 37 = 0, 5*c = 4*t - 5*t - 50. Let y be (c + 2/2)/(-2). What are the prime factors of q(y)?
5
Suppose k - 9 = -0*k. Let o(f) = f**2 - 8*f. List the prime factors of o(k).
3
List the prime factors of ((-1400)/(-12))/((-4)/(-6)).
5, 7
Suppose 6 = -y + 2*o, -y - 4*o = 4*y + 30. Let p = -3 - y. Suppose 4*w = 16, p*g + 11 = 3*w + 5. List the prime factors of g.
2
Suppose 0 = i - 8 - 12. List the prime factors of i.
2, 5
Suppose 4*m - 300 = z + 3*z, 20 = 4*z. Suppose m = 5*w + 15. What are the prime f